{"id":655,"date":"2024-02-13T18:47:14","date_gmt":"2024-02-13T17:47:14","guid":{"rendered":"https:\/\/i-freesport.pe\/?post_type=product&#038;p=655"},"modified":"2024-02-16T23:02:58","modified_gmt":"2024-02-16T22:02:58","slug":"pelotas-de-voley-i-free","status":"publish","type":"product","link":"https:\/\/i-freesport.pe\/?product=pelotas-de-voley-i-free","title":{"rendered":"GORRAS  I-FREE"},"content":{"rendered":"<p>Descubre el complemento perfecto para cualquier ocasi\u00f3n con nuestras gorras de alta calidad. Confeccionadas con materiales premium y un dise\u00f1o elegante, nuestras gorras ofrecen estilo y funcionalidad en igual medida. La visera curva proporciona una protecci\u00f3n \u00f3ptima contra el sol, mientras que los detalles de ventilaci\u00f3n garantizan una comodidad excepcional incluso en los d\u00edas m\u00e1s calurosos. Ya sea para protegerte del sol durante tus actividades al aire libre o para a\u00f1adir un toque de estilo a tu atuendo diario, nuestras gorras son la elecci\u00f3n ideal.<\/p>\n<p>\u00a1Eleva tu look con una gorra que combina moda y rendimiento!<\/p>\n","protected":false},"excerpt":{"rendered":"<p>&nbsp;<\/p>\n<p>&nbsp;<\/p>\n<div id=\"gtx-trans\" style=\"position: absolute; left: -85px; top: 38px;\">\n<div class=\"gtx-trans-icon\"><\/div>\n<\/div>\n","protected":false},"featured_media":657,"comment_status":"open","ping_status":"closed","template":"","meta":[],"product_brand":[],"product_cat":[33],"product_tag":[34,25],"class_list":{"0":"post-655","1":"product","2":"type-product","3":"status-publish","4":"has-post-thumbnail","6":"product_cat-deportivo","7":"product_tag-casual","8":"product_tag-urbanas","10":"first","11":"instock","12":"taxable","13":"shipping-taxable","14":"purchasable","15":"product-type-simple"},"_links":{"self":[{"href":"https:\/\/i-freesport.pe\/index.php?rest_route=\/wp\/v2\/product\/655","targetHints":{"allow":["GET"]}}],"collection":[{"href":"https:\/\/i-freesport.pe\/index.php?rest_route=\/wp\/v2\/product"}],"about":[{"href":"https:\/\/i-freesport.pe\/index.php?rest_route=\/wp\/v2\/types\/product"}],"replies":[{"embeddable":true,"href":"https:\/\/i-freesport.pe\/index.php?rest_route=%2Fwp%2Fv2%2Fcomments&post=655"}],"wp:featuredmedia":[{"embeddable":true,"href":"https:\/\/i-freesport.pe\/index.php?rest_route=\/wp\/v2\/media\/657"}],"wp:attachment":[{"href":"https:\/\/i-freesport.pe\/index.php?rest_route=%2Fwp%2Fv2%2Fmedia&parent=655"}],"wp:term":[{"taxonomy":"product_brand","embeddable":true,"href":"https:\/\/i-freesport.pe\/index.php?rest_route=%2Fwp%2Fv2%2Fproduct_brand&post=655"},{"taxonomy":"product_cat","embeddable":true,"href":"https:\/\/i-freesport.pe\/index.php?rest_route=%2Fwp%2Fv2%2Fproduct_cat&post=655"},{"taxonomy":"product_tag","embeddable":true,"href":"https:\/\/i-freesport.pe\/index.php?rest_route=%2Fwp%2Fv2%2Fproduct_tag&post=655"}],"curies":[{"name":"wp","href":"https:\/\/api.w.org\/{rel}","templated":true}]}}