{"id":586,"date":"2024-02-12T21:33:56","date_gmt":"2024-02-12T20:33:56","guid":{"rendered":"https:\/\/i-freesport.pe\/?post_type=product&#038;p=586"},"modified":"2024-03-30T15:46:34","modified_gmt":"2024-03-30T14:46:34","slug":"zaptillas-i-free-sport-para-hombre-2320","status":"publish","type":"product","link":"https:\/\/i-freesport.pe\/?product=zaptillas-i-free-sport-para-hombre-2320","title":{"rendered":"ZAPTILLAS I-FREE SPORT PARA HOMBRE  2320"},"content":{"rendered":"<p>Descubre la zapatilla perfecta para los peque\u00f1os aventureros. Dise\u00f1ada pensando en la resistencia y el estilo, nuestra zapatilla para ni\u00f1os ofrece durabilidad para acompa\u00f1ar cada juego y exploraci\u00f3n, mientras su dise\u00f1o divertido y colorido les permite expresar su personalidad. Con materiales de alta calidad y comodidad superior, esta zapatilla garantiza diversi\u00f3n y seguridad en cada paso.<\/p>\n<p>\u00a1Deja que tus peque\u00f1os se muevan con libertad y estilo!<\/p>\n","protected":false},"excerpt":{"rendered":"<p>COD. 2320<\/p>\n","protected":false},"featured_media":587,"comment_status":"open","ping_status":"closed","template":"","meta":[],"product_brand":[],"product_cat":[19],"product_tag":[27],"class_list":{"0":"post-586","1":"product","2":"type-product","3":"status-publish","4":"has-post-thumbnail","6":"product_cat-hombre","7":"product_tag-trekking","9":"first","10":"instock","11":"taxable","12":"shipping-taxable","13":"purchasable","14":"product-type-simple"},"_links":{"self":[{"href":"https:\/\/i-freesport.pe\/index.php?rest_route=\/wp\/v2\/product\/586","targetHints":{"allow":["GET"]}}],"collection":[{"href":"https:\/\/i-freesport.pe\/index.php?rest_route=\/wp\/v2\/product"}],"about":[{"href":"https:\/\/i-freesport.pe\/index.php?rest_route=\/wp\/v2\/types\/product"}],"replies":[{"embeddable":true,"href":"https:\/\/i-freesport.pe\/index.php?rest_route=%2Fwp%2Fv2%2Fcomments&post=586"}],"wp:featuredmedia":[{"embeddable":true,"href":"https:\/\/i-freesport.pe\/index.php?rest_route=\/wp\/v2\/media\/587"}],"wp:attachment":[{"href":"https:\/\/i-freesport.pe\/index.php?rest_route=%2Fwp%2Fv2%2Fmedia&parent=586"}],"wp:term":[{"taxonomy":"product_brand","embeddable":true,"href":"https:\/\/i-freesport.pe\/index.php?rest_route=%2Fwp%2Fv2%2Fproduct_brand&post=586"},{"taxonomy":"product_cat","embeddable":true,"href":"https:\/\/i-freesport.pe\/index.php?rest_route=%2Fwp%2Fv2%2Fproduct_cat&post=586"},{"taxonomy":"product_tag","embeddable":true,"href":"https:\/\/i-freesport.pe\/index.php?rest_route=%2Fwp%2Fv2%2Fproduct_tag&post=586"}],"curies":[{"name":"wp","href":"https:\/\/api.w.org\/{rel}","templated":true}]}}